ommon divisor of 5886 and 3706.
218
What is the highest common factor of 294 and 147?
147
What is the highest common divisor of 772 and 132398?
386
What is the greatest common factor of 918 and 4113?
9
What is the highest common divisor of 259 and 13391?
7
Calculate the greatest common divisor of 186309 and 1651.
127
Calculate the greatest common divisor of 368 and 11845.
23
What is the highest common divisor of 375 and 3125?
125
What is the highest common factor of 10 and 648950?
10
What is the highest common factor of 15453717 and 62?
31
What is the highest common divisor of 37524 and 44958?
354
What is the highest common factor of 13055 and 85?
5
Calculate the greatest common factor of 6762 and 1025892.
966
What is the highest common divisor of 20 and 42428?
4
Calculate the highest common factor of 317657 and 93.
31
Calculate the greatest common factor of 14062 and 5162.
178
Calculate the highest common factor of 89160 and 4020.
60
Calculate the highest common divisor of 11200 and 228725.
175
Calculate the highest common factor of 60452 and 4352.
68
Calculate the greatest common factor of 66 and 1485561.
33
Calculate the greatest common divisor of 300 and 160350.
150
What is the highest common factor of 19236 and 10836?
84
What is the highest common divisor of 34550 and 425?
25
Calculate the greatest common factor of 5742 and 144.
18
What is the greatest common divisor of 18280 and 16?
8
Calculate the highest common divisor of 66398 and 2.
2
Calculate the highest common factor of 13623 and 71592.
57
What is the greatest common divisor of 712908 and 1242?
1242
Calculate the greatest common divisor of 472 and 9728.
8
What is the greatest common divisor of 191092 and 86?
86
What is the greatest common divisor of 12 and 6457686?
6
What is the highest common factor of 44 and 1870?
22
Calculate the highest common factor of 459726 and 19686.
1158
What is the greatest common divisor of 645 and 3806145?
645
Calculate the highest common divisor of 2921 and 3956.
23
What is the highest common divisor of 7424 and 170984?
232
What is the greatest common factor of 600 and 4665?
15
What is the highest common factor of 5304 and 2720?
136
Calculate the highest common divisor of 74 and 28.
2
What is the greatest common factor of 817 and 7087?
19
What is the greatest common divisor of 283 and 4237076?
283
What is the greatest common divisor of 49803 and 312?
39
What is the greatest common divisor of 1740 and 4234?
58
Calculate the greatest common divisor of 2358 and 972.
18
Calculate the greatest common factor of 15498 and 6426.
378
What is the greatest common factor of 378 and 616248?
54
What is the greatest common divisor of 90 and 25660?
10
Calculate the greatest common divisor of 3670 and 178.
2
Calculate the greatest common factor of 271504 and 1349.
71
Calculate the highest common divisor of 1593 and 158436.
27
What is the greatest common divisor of 10 and 597335?
5
Calculate the greatest common factor of 88 and 23804.
44
Calculate the greatest common factor of 143230 and 100.
10
Calculate the greatest common divisor of 164 and 334.
2
Calculate the highest common divisor of 2048 and 904.
8
Calculate the greatest common factor of 1446 and 474.
6
Calculate the highest common divisor of 102 and 1410.
6
Calculate the greatest common divisor of 194996 and 164.
164
Calculate the greatest common divisor of 2449 and 11613.
79
Calculate the greatest common factor of 651 and 41447.
217
What is the greatest common factor of 21463 and 179959?
1651
Calculate the highest common factor of 49911 and 1179.
393
What is the greatest common factor of 4235 and 41965?
385
What is the greatest common factor of 20615 and 124?
31
Calculate the greatest common factor of 10 and 12170.
10
Calculate the highest common factor of 1334 and 121162.
58
Calculate the greatest common factor of 139082 and 788.
394
Calculate the greatest common factor of 262700 and 481.
37
Calculate the greatest common factor of 1376595 and 110.
55
What is the highest common factor of 66 and 130218?
66
What is the greatest common factor of 17638 and 22?
2
What is the greatest common factor of 620 and 44260?
20
What is the highest common divisor of 38157 and 69?
69
Calculate the greatest common divisor of 1014 and 47697.
39
What is the greatest common divisor of 24361 and 119?
17
What is the highest common divisor of 7533 and 23571?
243
What is the greatest common divisor of 451338 and 6?
6
Calculate the greatest common divisor of 315 and 15905.
5
What is the greatest common divisor of 2735 and 460?
5
Calculate the greatest common factor of 38475 and 2445.
15
Calculate the greatest common factor of 36859 and 106764.
1271
Calculate the greatest common factor of 75344 and 160.
16
What is the highest common divisor of 1863 and 66447?
621
Calculate the highest common factor of 1914 and 825.
33
Calculate the greatest common factor of 160 and 120.
40
What is the highest common factor of 63 and 3078?
9
What is the greatest common divisor of 325080 and 1419?
129
What is the highest common divisor of 5 and 61715?
5
Calculate the highest common divisor of 2860 and 535535.
715
Calculate the highest common factor of 440 and 27610.
110
What is the highest common factor of 483 and 5497?
23
What is the greatest common factor of 35649 and 49629?
699
What is the greatest common divisor of 57250 and 325?
25
Calculate the highest common divisor of 70017 and 9.
3
Calculate the highest common factor of 789232 and 4610.
922
What is the highest common divisor of 405 and 202155?
15
Calculate the greatest common factor of 570 and 28230.
30
Calculate the greatest common divisor of 2140 and 2560.
20
Calculate the greatest common divisor of 112767 and 2.
1
What is the highest common factor of 47 and 553519?
47
Calculate the highest common divisor of 320 and 15790.
10
Calculate the highest common divisor of 105231 and 21.
21
What is the greatest common divisor of 82 and 1077029?
41
Calculate the highest common factor of 1088213 and 83.
83
What is the highest common factor of 23545 and 165923?
277
What is the highest common divisor of 1422 and 2071538?
158
Calculate the highest common divisor of 23 and 127558.
23
Calculate the highest common factor of 1611 and 4.
1
Calculate the greatest common factor of 916470 and 4930.
170
What is the greatest common divisor of 2033 and 19?
19
What is the greatest common factor of 416654 and 14?
14
Calculate the highest common divisor of 2478 and 1178702.
826
What is the greatest common factor of 5016 and 2717?
209
What is the greatest common factor of 24 and 469164?
12
What is the greatest common factor of 2601 and 2261136?
867
Calculate the greatest common divisor of 170 and 41395.
85
Calculate the greatest common divisor of 513 and 3401.
19
Calculate the highest common factor of 141338 and 1054.
34
Calculate the highest common factor of 43 and 29713.
43
What is the greatest common divisor of 1470 and 1685502?
294
Calculate the highest common divisor of 69 and 226164.
3
What is the highest common factor of 33 and 93071?
11
What is the highest common factor of 5 and 677590?
5
Calculate the highest common divisor of 90710 and 940.
470
Calculate the greatest common factor of 245507 and 1358.
97
What is the highest common divisor of 1817 and 22517?
23
What is the greatest common divisor of 52288 and 912?
304
Calculate the highest common divisor of 39428 and 316.
4
Calculate the greatest common divisor of 58 and 40571.
29
Calculate the highest common divisor of 18565 and 1027.
79
What is the highest common factor of 280 and 66290?
70
Calculate the greatest common divisor of 7413 and 357.
21
Calculate the highest common divisor of 561 and 55836.
33
What is the highest common factor of 325 and 13315?
5
Calculate the greatest common divisor of 950 and 6156.
38
Calculate the highest common factor of 1188 and 852390.
594
What is the highest common divisor of 39650 and 1250?
50
What is the highest common factor of 4585 and 24465?
35
Calculate the highest common divisor of 444 and 1164.
12
What is the greatest common factor of 152 and 95608?
152
What is the highest common divisor of 48 and 89484?
12
What is the greatest common factor of 1539 and 8892?
171
What is the highest common factor of 594340 and 10?
